ctors of h?
3, 5
Let a(f) = -f + 4. Suppose 3*y + 2*g + 7 = -12, 4*g = -3*y - 23. What are the prime factors of a(y)?
3
Let w(h) = -5*h + 2. Let z be w(-3). Suppose 2*y - 5*n = 9 + 6, 0 = 2*y + 3*n - 23. Let b = z - y. List the prime factors of b.
7
Let v = 283 + -185. What are the prime factors of v?
2, 7
Let d(o) = -o**2 - 8*o - 9. Let f be d(-11). List the prime factors of (-90)/27*f/5.
2, 7
Suppose -2*s + 2*c = -122, -90 = -s - 5*c - 29. What are the prime factors of s?
61
Let s be 1*(2 + -3 - -1). Suppose 0*p = -3*p + 12. Suppose s = p*v - 82 + 2. What are the prime factors of v?
2, 5
Let d(u) = -7*u**2 + 25*u + 22. Let j(k) = -11*k**2 + 38*k + 33. Let c(w) = 8*d(w) - 5*j(w). What are the prime factors of c(10)?
11
Let v = 17 + -12. Suppose 32 = v*x + 7. Suppose 6*c = c - 3*m + 34, 0 = 4*c + x*m - 35. What are the prime factors of c?
5
Let c = 6 + 8. What are the prime factors of c?
2, 7
Let h(v) = -v**3 + 6*v**2 + 8*v - 2. Let r be 0/2 + 60/5. Let c = 19 - r. What are the prime factors of h(c)?
5
Let y be (2 - 0/3)*3. Suppose a = v - y, -5*a + 0 - 6 = 3*v. What are the prime factors of v?
3
Suppose 0 = 5*r - 2*r - 141. List the prime factors of r.
47
Suppose 2*m = -3*k - 41, -5*m = k + 3*k + 50. Let a = k + 30. What are the prime factors of a?
3, 5
Suppose -4*b - 3 = -3*b. Let j = 8 + b. Suppose 4*w - 40 = 3*p - j*p, 0 = 4*p - w - 35. List the prime factors of p.
2, 5
Suppose q = -2*q + 84. What are the prime factors of q?
2, 7
Suppose 6*b - 3*g = 3*b - 6, 0 = -g. What are the prime factors of b - 10*6/(-3)?
2, 3
Let l = 11 + -7. List the prime factors of 36/2 - (7 - l).
3, 5
Suppose -5*l - 26 = -106. What are the prime factors of l?
2
Suppose -2 = -2*n + n. Suppose -2*u = -0*u - 4, n*f - 5*u = 0. Suppose -4*b = -f*h - 42 + 9, 5*b - 54 = 2*h. What are the prime factors of b?
2, 3
Suppose 3 = -3*j + 12. Let x(n) = -n**2 + 4*n. Let f be x(j). What are the prime factors of 1/f - 38/(-3)?
13
Suppose 4*w + 24 = w. Let r be (-41)/(-4) - w/(-32). Let t = r + 4. What are the prime factors of t?
2, 7
Suppose -1 + 3 = m. Let d = -3 - -3. Suppose 2*u = d, -2*i - 3*u = -m - 2. What are the prime factors of i?
2
List the prime factors of 199 - ((-3)/5 - 36/15).
2, 101
Let r = 7 + -4. Suppose 4*o = 3*k - 5*k + 22, -4*k - 44 = -r*o. What are the prime factors of o?
2
Let u = 3 + 2. Suppose 4*f - 3*b = -1 - 3, -u*f + 2*b + 2 = 0. List the prime factors of (14/4)/(1/f).
7
Let c be 6 - 3 - (-1 - -1). Let w(b) = -3*b**3 - b + 0*b**2 + 3*b**3 + b**c + 10 + b**2. What are the prime factors of w(0)?
2, 5
Suppose -6*f = -4*f + 2. What are the prime factors of 57*f/(0 + -3)?
19
Let k = 480 + -248. List the prime factors of k.
2, 29
Let h = -11 - -5. What are the prime factors of (-18)/(-15)*(-15)/h?
3
Let z(p) = 2*p**3 + p**2 - 24*p + 8. List the prime factors of z(5).
163
What are the prime factors of ((-6)/18)/(2/(-222))?
37
Suppose g + 2*t = 109, t - 234 = -3*g + 93. List the prime factors of g.
109
Let h(t) = -4*t + 2. Let q be h(-2). Let r(o) be the second derivative of -o**4/12 + 3*o**3/2 + 7*o**2 + o. List the prime factors of r(q).
2
Suppose -6*t + 41 + 49 = 0. List the prime factors of t.
3, 5
Let f = 15 - -16. What are the prime factors of (-1)/2 - f/(-2)?
3, 5
Let a be (-1)/(1/(0 - 3)). List the prime factors of 1324/24 - a/18.
5, 11
Let a = -11 - 17. Let l = a - -40. Suppose -i = -2*g - l, -3*g + 25 = 3*i - 2. What are the prime factors of i?
2, 5
Let k be (-35)/(-4) + (-6)/(-24). Suppose k = 3*m - 0. What are the prime factors of m?
3
Let x(d) = -10*d - 5. Let j be x(-6). Suppose 3*p - 3*z - 63 = -p, -5*p + j = z. List the prime factors of p.
2, 3
Let u(j) = j**3 - 4*j**2 - 12*j. Let q be u(6). Suppose q = -x - 4*x + 140. List the prime factors of x.
2, 7
Let t = -7 - -17. Let o(g) = -2*g - 7. Let x be o(-6). Let b = t - x. What are the prime factors of b?
5
Let l = 9 - 5. Suppose 14 = 3*c + g, -c = -0*c + l*g - 1. What are the prime factors of c?
5
Suppose 5*f = 17 + 28. Suppose -5*x = -26 - f. List the prime factors of x.
7
Let z = 18 - 7. Let i(g) = -g**2 - 12*g + 14. Let j(r) = -r**2. Let p(x) = i(x) - 2*j(x). List the prime factors of p(z).
3
Suppose 0 = 2*q - 3*q - 3. Let u(m) be the second derivative of -m**3/2 + 3*m**2/2 - 2*m. What are the prime factors of u(q)?
2, 3
Let g = 105 + -80. List the prime factors of g.
5
Let p = -1 - -21. Suppose -5 = x, 3*a + 3*x = x + p. What are the prime factors of a?
2, 5
What are the prime factors of (1 - 398/10)*(-2 + -3)?
2, 97
Suppose -4*u - 4*o + 12 = 0, 0 = 4*u + 2*o + 2 - 8. Suppose 4*l - 8 = 4*z, u = 3*l + l - 3*z - 9. Suppose 9 = l*q - 9. What are the prime factors of q?
2, 3
Let y be (-102)/(-14) + (-6)/21. Suppose y = j - 1. What are the prime factors of j?
2
Let f be -3 - (-7 + 1) - -15. Let d = -4 + f. What are the prime factors of d?
2, 7
List the prime factors of (166 - 2)*6/24.
41
Let c be 16/10*(-30)/(-12). Suppose -3*q - 3*a + 60 = 0, -2*q + c*a + 104 = 2*q. What are the prime factors of q?
23
Suppose -3*q + 128 = -5*w, 4*q + w - 132 = -2*w. What are the prime factors of q?
2, 3
Let a(x) = x**2 + 3*x - 9. Let m be a(-7). Let h = 2 + m. What are the prime factors of h?
3, 7
Let x(r) = 2*r**2 - 3*r + 3. Let g be x(2). Let u(h) = h + g - h - h. What are the prime factors of u(-6)?
11
Let d = 7 + -4. Let r = d + -2. What are the prime factors of (4 - 3)*11*r?
11
Let f = -120 + 51. Let o = -49 - f. List the prime factors of o.
2, 5
Suppose -3*u = 3*m - 0*m + 9, 4*u + 12 = -3*m. Let r = u - 1. What are the prime factors of r*(-2 - 15/12)?
13
Let b = -59 + 92. Suppose -b = -u - 2*u. What are the prime factors of u?
11
Suppose 0 = -20*j + 6671 + 29. List the prime factors of j.
5, 67
Suppose -4*g - 3*i = 51, 3*g - 2*i - 6 + 23 = 0. What are the prime factors of 9/(0 + g/(-12))?
2, 3
Suppose 0 = p - 6. Suppose -3 - p = -3*l. Suppose l*z = -2*r + 6*r - 15, -3*r + 4*z + 13 = 0. What are the prime factors of r?
3
Let d = -2 + 0. Let n be (-21)/6*d - 0. Let z = n - -3. List the prime factors of z.
2, 5
Let l = -16 + 40. List the prime factors of l.
2, 3
Suppose -5*b = -b - 16. Suppose -b*r + 2*r + 4 = 0. Suppose 3*o - 35 = -r*o. List the prime factors of o.
7
Suppose -x + 3 = -5*u, -6*u - 46 = -2*x - 4*u. Let d = x + -19. List the prime factors of d.
3
Suppose -4*j - u + 978 + 222 = 0, 3*u = -12. List the prime factors of j.
7, 43
Suppose 3 = -f + 10. Let t be (-6)/1*(f + -8). Suppose -4*j + t*j - 12 = 0. What are the prime factors of j?
2, 3
Let v(m) = m**2 - 5*m - 2. Let o be v(6). Suppose -14 = -3*a + o. What are the prime factors of a?
2, 3
Let i = 7 - 5. Suppose i*c - 11 = 23. What are the prime factors of c?
17
Let n(d) = -4*d + 8. Let z(f) = -3*f + 5. Let b(j) = -5*n(j) + 8*z(j). Let c be b(-1). What are the prime factors of c + 0/(-2) + 2?
2, 3
Let d be 2/(-2)*(-3)/(-3). Let y(m) = -12*m**3 + 2*m**2 + 2*m + 1. What are the prime factors of y(d)?
13
Let s(d) = d**3 - 7*d**2 + 3*d + 1. List the prime factors of s(8).
89
Let a be (-2)/2 + 3 + 0. Suppose 3*p = -15, a*s - 3*s = 4*p + 3. List the prime factors of s.
17
Let n = 2 + -5. Let x(f) = -4*f + 1. What are the prime factors of x(n)?
13
Suppose -3 = 5*k + 7. Let w(c) = c**2 - 2*c - 3. Let y be w(k). Suppose y*q = q + 48. What are the prime factors of q?
2, 3
Let s = -2 + 14. Suppose s = 3*c, y + y - 3*c = -10. What are the prime factors of y/2 + (-54)/(-4)?
2, 7
Suppose u - 2*o - 2 = -1, 0 = -5*u + 5*o + 10. Suppose u*q + 2*q - 60 = 0. What are the prime factors of q?
2, 3
Let z(u) = -u**2 - 7*u + 3. Let i be z(-7). Suppose 3*s + 0 = -m + 18, i*s = 5*m - 18. List the prime factors of m.
2, 3
Let f = 25 + -13. Let o be (f/18)/(2/18). Let d(g) = -g**3 + 7*g**2 - 2*g - 8. List the prime factors of d(o).
2
Let v = 137 - 77. What are the prime factors of v?
2, 3, 5
Suppose 0*f - 4 = f. Let y = 4 - f. What are the prime factors of y?
2
Suppose 2*k - 8 = -0, 4*y - k - 200 = 0. List the prime factors of y.
3, 17
Let q(a) be the third derivative of -a**5/60 + a**4/4 - 5*a**3/6 - 3*a**2. What are the prime factors of q(4)?
3
Let k be (3/6)/(3/(-18)). What are the prime factors of (9/6)/(k/(-16))?
2
Let q be 3 + (9 - (3 + -2)). Let g = q + -6. Suppose 2*z + h = 27, g*z - h = -0*z + 78. What are the prime factors of z?
3, 5
Suppose -5*s - 2*g = -235